.
5, 13, 157, 283
List the prime factors of 1319105.
5, 263821
List the prime factors of 2865935.
5, 229, 2503
What are the prime factors of 402134?
2, 67, 3001
List the prime factors of 296456.
2, 37057
List the prime factors of 458836.
2, 7, 2341
What are the prime factors of 3518566?
2, 1759283
List the prime factors of 717998.
2, 358999
List the prime factors of 630000.
2, 3, 5, 7
What are the prime factors of 12231703?
11, 47, 59, 401
What are the prime factors of 35372271?
3, 11, 31, 71, 487
What are the prime factors of 4666018?
2, 7, 333287
What are the prime factors of 237465?
3, 5, 1759
List the prime factors of 1229740.
2, 5, 61487
List the prime factors of 1431632.
2, 89477
List the prime factors of 12778602.
2, 3, 19, 197, 569
What are the prime factors of 125583?
3, 41, 1021
What are the prime factors of 6102405?
3, 5, 17, 2659
What are the prime factors of 118864?
2, 17, 19, 23
List the prime factors of 705616.
2, 44101
List the prime factors of 1334375.
5, 7, 61
What are the prime factors of 63301?
7, 9043
What are the prime factors of 24272994?
2, 3, 19, 149, 1429
List the prime factors of 1048838.
2, 7, 19, 3943
What are the prime factors of 766963?
29, 53, 499
List the prime factors of 17867577.
3, 7, 13, 65449
What are the prime factors of 5389495?
5, 617, 1747
What are the prime factors of 250975?
5, 10039
What are the prime factors of 229773?
3, 191, 401
List the prime factors of 1638309.
3, 546103
What are the prime factors of 1450354?
2, 109, 6653
What are the prime factors of 5008492?
2, 1252123
List the prime factors of 35380805.
5, 101, 70061
What are the prime factors of 4929666?
2, 3, 7, 117373
What are the prime factors of 13892600?
2, 5, 69463
List the prime factors of 2177820.
2, 3, 5, 37, 109
What are the prime factors of 30260729?
1619, 18691
What are the prime factors of 47377?
11, 59, 73
What are the prime factors of 704840?
2, 5, 67, 263
List the prime factors of 11562.
2, 3, 41, 47
What are the prime factors of 5328954?
2, 3, 47, 6299
What are the prime factors of 11520561?
3, 13, 31, 733
List the prime factors of 6166811.
7, 19, 199, 233
What are the prime factors of 668627?
17, 37, 1063
What are the prime factors of 12705719?
13, 977363
List the prime factors of 169665.
3, 5, 11311
What are the prime factors of 106670?
2, 5, 10667
List the prime factors of 1402530.
2, 3, 5, 46751
What are the prime factors of 352736?
2, 73, 151
What are the prime factors of 115261?
79, 1459
List the prime factors of 1792694.
2, 896347
What are the prime factors of 360480?
2, 3, 5, 751
What are the prime factors of 8562323?
7, 11, 919
What are the prime factors of 2485046?
2, 797, 1559
What are the prime factors of 41522389?
811, 51199
What are the prime factors of 681626?
2, 11, 30983
List the prime factors of 2798580.
2, 3, 5, 46643
What are the prime factors of 398862?
2, 3, 22159
What are the prime factors of 16118?
2, 8059
What are the prime factors of 938853?
3, 73, 1429
What are the prime factors of 43255?
5, 41, 211
List the prime factors of 5496669.
3, 610741
List the prime factors of 834052.
2, 208513
What are the prime factors of 389573?
37, 10529
What are the prime factors of 271205?
5, 11, 4931
What are the prime factors of 19671504?
2, 3, 409823
List the prime factors of 10703679.
3, 7, 509699
What are the prime factors of 6631836?
2, 3, 17, 19, 29, 59
List the prime factors of 1376974.
2, 71, 9697
What are the prime factors of 746638?
2, 577, 647
List the prime factors of 163390.
2, 5, 16339
What are the prime factors of 1315804?
2, 7, 46993
List the prime factors of 5868800.
2, 5, 7, 131
What are the prime factors of 271521?
3, 30169
What are the prime factors of 909560?
2, 5, 22739
List the prime factors of 3570881.
3570881
List the prime factors of 6282503.
17, 101, 3659
What are the prime factors of 449135?
5, 43, 2089
List the prime factors of 1431091.
409, 3499
List the prime factors of 3714883.
3714883
List the prime factors of 116467.
13, 17, 31
List the prime factors of 945886.
2, 313, 1511
List the prime factors of 4445870.
2, 5, 11, 13, 3109
What are the prime factors of 467111?
251, 1861
List the prime factors of 19608248.
2, 11, 163, 1367
What are the prime factors of 140076?
2, 3, 1297
What are the prime factors of 3446102?
2, 11, 156641
List the prime factors of 1756071.
3, 41, 4759
List the prime factors of 58478.
2, 7, 4177
List the prime factors of 119286.
2, 3, 47
What are the prime factors of 12328547?
7, 11, 89, 257
What are the prime factors of 9280?
2, 5, 29
What are the prime factors of 29670?
2, 3, 5, 23, 43
What are the prime factors of 213529?
67, 3187
List the prime factors of 247336.
2, 43, 719
List the prime factors of 1196084.
2, 67, 4463
List the prime factors of 89273.
89273
List the prime factors of 511453.
511453
What are the prime factors of 8426497?
8426497
List the prime factors of 143738.
2, 7, 10267
What are the prime factors of 3203405?
5, 59, 10859
List the prime factors of 74620.
2, 5, 7, 13, 41
What are the prime factors of 753641?
7, 23, 31, 151
List the prime factors of 705084.
2, 3, 58757
List the prime factors of 5309668.
2, 7, 13, 29, 503
What are the prime factors of 74951?
241, 311
What are the prime factors of 147764?
2, 17, 41, 53
List the prime factors of 1945604.
2, 503, 967
List the prime factors of 2843087.
13, 16823
List the prime factors of 548478.
2, 3, 7, 1451
List the prime factors of 636946.
2, 318473
What are the prime factors of 1931255?
5, 19, 29, 701
List the prime factors of 1480448.
2, 5783
What are the prime factors of 117142?
2, 37, 1583
List the prime factors of 7196644.
2, 7, 13, 17, 1163
List the prime factors of 255414.
2, 3, 42569
What are the prime factors of 43793638?
2, 7, 31, 100907
What are the prime factors of 290129?
7, 31, 191
What are the prime factors of 261572?
2, 65393
List the prime factors of 4443736.
2, 11, 50497
List the prime factors of 1975742.
2, 131, 7541
List the prime factors of 132489.
3, 7, 701
What are the prime factors of 629519?
11, 151, 379
What are the prime factors of 1108847?
233, 4759
List the prime factors of 170979.
3, 56993
What are the prime factors of 264774?
2, 3, 44129
List the prime factors of 60205.
5, 12041
List the prime factors of 643923.
3, 7, 3407
What are the prime factors of 759903?
3, 31, 8171
What are the prime factors of 6913429?
6913429
What are the prime factors of 2292679?
41, 199, 281
What are the prime factors of 36434080?
2, 5, 61, 3733
List the prime factors of 319569.
3, 37, 2879
List the prime factors of 98476.
2, 7, 3517
What are the prime factors of 315067?
315067
List the prime factors of 1010379.
3, 336793
List the prime factors of 12572584.
2, 313, 5021
List the prime factors of 6975853.
1453, 4801
List the prime factors of 123603.
3, 41201
List the prime factors of 1870799.
7, 17, 79, 199
List the prime factors of 161433.
3, 1993
List the prime factors of 230711.
13, 17747
List the prime factors of 1710197.
1710197
List the prime factors of 669872.
2, 7, 5981
List the prime factors of 574573.
37, 53, 293
What are the prime factors of 8874084?
2, 3, 739507
List the prime factors of 3550262.
2, 269, 6599
List the prime factors of 253627.
11, 23057
List the prime factors of 13434271.
13434271
List the prime factors of 188099.
79, 2381
List the prime factors of 37967.
37967
What are the prime factors of 165930?
2, 3, 5, 5531
List the prime factors of 225332.
2, 56333
List the prime factors of 32004.
2, 3, 7, 127
What are the prime factors of 27582774?
2, 3, 173, 26573
What are the prime factors of 14166238?
2, 41, 172759
List the prime factors of 139711.
11, 13, 977
What are the prime factors of 196896?
2, 3, 7, 293
List the prime factors of 2332812.
2, 3, 31, 6271
What are the prime factors of 1246661?
13, 17, 5641
What are the prime factors of 1715540?
2, 5, 31, 2767
What are the prime factors of 16614400?
2, 5, 11, 59
List the prime factors of 29983.
29983
What are the prime factors of 1564220?
2, 5, 7, 11173
List the prime factors of 4194237.
3, 1398079
List the prime factors of 8737.
8737
What are the prime factors of 6120295?
5, 1224059
List the prime factors of 18092643.
3, 971, 6211
List the prime factors of 15057.
3, 7, 239
What are the prime factors of 2661